{"id":103,"date":"2014-03-12T23:44:23","date_gmt":"2014-03-12T23:44:23","guid":{"rendered":"http:\/\/textberg.ch\/site\/?page_id=103"},"modified":"2020-05-26T08:38:26","modified_gmt":"2020-05-26T08:38:26","slug":"team","status":"publish","type":"page","link":"https:\/\/textberg.ch\/site\/de\/team\/","title":{"rendered":"Team"},"content":{"rendered":"<p>Text+Berg digital wurde im Jahr 2008 von\u00a0\u00a0<a href=\"http:\/\/www.bubenhofer.com\/\" target=\"_blank\" rel=\"noopener noreferrer\">Noah Bubenhofer<\/a>\u00a0und\u00a0<a href=\"https:\/\/www.cl.uzh.ch\/de\/people\/team\/compling\/volk.html\" target=\"_blank\" rel=\"noopener noreferrer\">Martin Volk<\/a>\u00a0(<a href=\"http:\/\/www.cl.uzh.ch\/\" target=\"_blank\" rel=\"noopener noreferrer\">Institut f\u00fcr Computerlinguistik<\/a>, Universit\u00e4t Z\u00fcrich) initiiert.<\/p>\n<p><strong>Projektleitung<\/strong><\/p>\n<table border=\"0\">\n<tbody>\n<tr>\n<td><img loading=\"lazy\" decoding=\"async\" class=\"alignnone wp-image-712\" src=\"http:\/\/textberg.ch\/site\/wp-content\/uploads\/2014\/03\/NoahBubenhofer-v170175.png\" width=\"164\" height=\"169\" \/><\/td>\n<td><img loading=\"lazy\" decoding=\"async\" class=\"alignnone size-full wp-image-496\" src=\"http:\/\/textberg.ch\/site\/wp-content\/uploads\/2014\/04\/martin-klein-e1396771016865.jpg\" alt=\"martin-volk\" width=\"135\" height=\"169\" \/><\/td>\n<\/tr>\n<tr>\n<td><a href=\"http:\/\/www.bubenhofer.com\/\" target=\"_blank\" rel=\"noopener noreferrer\">Noah Bubenhofer<\/a><\/td>\n<td><a href=\"https:\/\/www.cl.uzh.ch\/de\/people\/team\/compling\/volk.html\" target=\"_blank\" rel=\"noopener noreferrer\">Martin Volk<\/a><\/td>\n<\/tr>\n<\/tbody>\n<\/table>\n<p><strong>Kontakt:<\/strong><\/p>\n<p>Universit\u00e4t Z\u00fcrich<br \/>\nInstitut f\u00fcr Computerlinguistik<br \/>\nProjekt Text+Berg digital<br \/>\nz.H. Martin Volk<br \/>\nAndreasstr. 15<br \/>\nCH-8050 Z\u00fcrich<br \/>\n<a href=\"mailto:info@textberg.ch\">info [at] textberg.ch<\/a><\/p>\n<div id=\"attachment_500\" style=\"width: 600px\" class=\"wp-caption alignnone\"><a href=\"http:\/\/textberg.ch\/site\/wp-content\/uploads\/2014\/04\/textbergteam.jpg\"><img loading=\"lazy\" decoding=\"async\" aria-describedby=\"caption-attachment-500\" class=\" wp-image-500 \" src=\"http:\/\/textberg.ch\/site\/wp-content\/uploads\/2014\/04\/textbergteam.jpg\" alt=\"Ein Teil des Teams von Text+Berg\" width=\"590\" height=\"273\" srcset=\"https:\/\/textberg.ch\/site\/wp-content\/uploads\/2014\/04\/textbergteam.jpg 700w, https:\/\/textberg.ch\/site\/wp-content\/uploads\/2014\/04\/textbergteam-300x138.jpg 300w, https:\/\/textberg.ch\/site\/wp-content\/uploads\/2014\/04\/textbergteam-624x288.jpg 624w\" sizes=\"auto, (max-width: 590px) 100vw, 590px\" \/><\/a><p id=\"caption-attachment-500\" class=\"wp-caption-text\">Ein Teil des Teams von Text+Berg<\/p><\/div>\n<h4>Mitarbeiter\/innen (aktuelle und ehemalige)<\/h4>\n<ul>\n<li>Etienne Ailloud<\/li>\n<li>Adrian Althaus<\/li>\n<li>Sara B\u00e4rtschi<\/li>\n<li>Maya Bangerter<\/li>\n<li>Adrian Beer<\/li>\n<li>Andrea Bizetti<\/li>\n<li>Marcel B\u00fchler<\/li>\n<li>Alena Ciulla<\/li>\n<li>Lenz Furrer<\/li>\n<li>Pierpaolo Frasa<\/li>\n<li>Anne G\u00f6hring<\/li>\n<li>Reto Gubelmann<\/li>\n<li>Alexandra Hartmann<\/li>\n<li>Stefanie Herzig<\/li>\n<li>Flavian Imlig<\/li>\n<li>Silvan Jegen<\/li>\n<li>Magdalena Jitca<\/li>\n<li>St\u00e9phanie Lehner<\/li>\n<li>Fabienne Leuenberger<\/li>\n<li>Torsten Marek<\/li>\n<li>Nicole Michel<\/li>\n<li>Stephanie Odok<\/li>\n<li>Marcel Riedener<\/li>\n<li>Beni Ruef<\/li>\n<li>Patricia Scheurer<\/li>\n<li>Rico Sennrich<\/li>\n<li>Philip Str\u00f6bel<\/li>\n<li>Silvan Tarnutzer<\/li>\n<li>Ada Wan<\/li>\n<li>Martin Warin<\/li>\n<li>Manuela Weibel<\/li>\n<li>Daniel W\u00fcest<\/li>\n<\/ul>\n","protected":false},"excerpt":{"rendered":"<p>Text+Berg digital wurde im Jahr 2008 von\u00a0\u00a0Noah Bubenhofer\u00a0und\u00a0Martin Volk\u00a0(Institut f\u00fcr Computerlinguistik, Universit\u00e4t Z\u00fcrich) initiiert. Projektleitung Noah Bubenhofer Martin Volk Kontakt: Universit\u00e4t Z\u00fcrich Institut f\u00fcr Computerlinguistik Projekt Text+Berg digital z.H. Martin Volk Andreasstr. 15 CH-8050 Z\u00fcrich info [at] textberg.ch Mitarbeiter\/innen (aktuelle und ehemalige) Etienne Ailloud Adrian Althaus Sara B\u00e4rtschi Maya Bangerter Adrian Beer Andrea Bizetti Marcel [&hellip;]<\/p>\n","protected":false},"author":2,"featured_media":0,"parent":0,"menu_order":3,"comment_status":"closed","ping_status":"closed","template":"","meta":{"footnotes":""},"class_list":["post-103","page","type-page","status-publish","hentry"],"_links":{"self":[{"href":"https:\/\/textberg.ch\/site\/wp-json\/wp\/v2\/pages\/103","targetHints":{"allow":["GET"]}}],"collection":[{"href":"https:\/\/textberg.ch\/site\/wp-json\/wp\/v2\/pages"}],"about":[{"href":"https:\/\/textberg.ch\/site\/wp-json\/wp\/v2\/types\/page"}],"author":[{"embeddable":true,"href":"https:\/\/textberg.ch\/site\/wp-json\/wp\/v2\/users\/2"}],"replies":[{"embeddable":true,"href":"https:\/\/textberg.ch\/site\/wp-json\/wp\/v2\/comments?post=103"}],"version-history":[{"count":22,"href":"https:\/\/textberg.ch\/site\/wp-json\/wp\/v2\/pages\/103\/revisions"}],"predecessor-version":[{"id":766,"href":"https:\/\/textberg.ch\/site\/wp-json\/wp\/v2\/pages\/103\/revisions\/766"}],"wp:attachment":[{"href":"https:\/\/textberg.ch\/site\/wp-json\/wp\/v2\/media?parent=103"}],"curies":[{"name":"wp","href":"https:\/\/api.w.org\/{rel}","templated":true}]}}